{"id":7551,"date":"2020-11-30T20:59:03","date_gmt":"2020-11-30T20:59:03","guid":{"rendered":"https:\/\/ahm-honduras.com\/?page_id=7551"},"modified":"2020-12-09T03:12:10","modified_gmt":"2020-12-09T03:12:10","slug":"asistencia-legal","status":"publish","type":"page","link":"https:\/\/ahm-honduras.com\/?page_id=7551","title":{"rendered":"Asistencia Legal"},"content":{"rendered":"<div class=\"wpb-content-wrapper\"><p>[vc_row][vc_column][vc_custom_heading text=\u00bbAsistencia Legal y protecci\u00f3n integral para las v\u00edctimas de violencia dom\u00e9stica\u00bb font_container=\u00bbtag:h2|font_size:18|text_align:left|color:%23000000&#8243; google_fonts=\u00bbfont_family:Fira%20Sans%3A300%2C300italic%2C400%2C400italic%2C500%2C500italic%2C700%2C700italic|font_style:500%20bold%20regular%3A500%3Anormal\u00bb][vc_row_inner][vc_column_inner][vc_column_text]Para asistencia legal y protecci\u00f3n integral para las v\u00edctimas de violencia dom\u00e9stica, a continuaci\u00f3n detallamos el proceso legal para interponer una denuncia, el directorio de organismos e instituciones que brindan acompa\u00f1amiento de forma gratuita en todo el proceso y el marco legal que contiene la normativa vigente del pa\u00eds en relaci\u00f3n a este tema.[\/vc_column_text][\/vc_column_inner][\/vc_row_inner][vc_separator color=\u00bborange\u00bb border_width=\u00bb3&#8243; css=\u00bb.vc_custom_1589483904284{padding-top: 30px !important;padding-bottom: 30px !important;}\u00bb][vc_row_inner][vc_column_inner width=\u00bb1\/3&#8243;]\t\t\t\t\t\t\t<a class=\"cortana-button size-lg style3 icon-buttonleft  \"\n\t\t\t\t   href=\"https:\/\/ahm-honduras.com\/?page_id=7580\"\n\t\t\t\t   title=\"Proceso de Denuncia\"\n\t\t\t\t   target=\"_self\"\n\t\t\t\t\t>\n\t\t\t\t\t<i class=\"fa fa-legal\"><\/i> Proceso de Denuncia\t\t\t\t<\/a>\n\t\t\t\t\t\t[\/vc_column_inner][vc_column_inner width=\u00bb1\/3&#8243;]\t\t\t\t\t\t\t<a class=\"cortana-button size-lg style3 icon-buttonleft  \"\n\t\t\t\t   href=\"https:\/\/ahm-honduras.com\/?page_id=7582\"\n\t\t\t\t   title=\"Instituciones de Apoyo\"\n\t\t\t\t   target=\"_self\"\n\t\t\t\t\t>\n\t\t\t\t\t<i class=\"fa fa-phone\"><\/i> Instituciones de Apoyo\t\t\t\t<\/a>\n\t\t\t\t\t\t[\/vc_column_inner][vc_column_inner width=\u00bb1\/3&#8243;]\t\t\t\t\t\t\t<a class=\"cortana-button size-lg style3 icon-buttonleft  \"\n\t\t\t\t   href=\"https:\/\/ahm-honduras.com\/?page_id=7584\"\n\t\t\t\t   title=\"Leyes\"\n\t\t\t\t   target=\"_self\"\n\t\t\t\t\t>\n\t\t\t\t\t<i class=\"fa fa-file-text\"><\/i> Leyes\t\t\t\t<\/a>\n\t\t\t\t\t\t[\/vc_column_inner][\/vc_row_inner][vc_separator color=\u00bborange\u00bb border_width=\u00bb3&#8243; css=\u00bb.vc_custom_1589483904284{padding-top: 30px !important;padding-bottom: 30px !important;}\u00bb][vc_single_image image=\u00bb7863&#8243; img_size=\u00bbfull\u00bb alignment=\u00bbcenter\u00bb][\/vc_column][\/vc_row]<\/p>\n<\/div>","protected":false},"excerpt":{"rendered":"<p>[vc_row][vc_column][vc_custom_heading text=\u00bbAsistencia Legal y protecci\u00f3n integral para las v\u00edctimas de violencia dom\u00e9stica\u00bb font_container=\u00bbtag:h2|font_size:18|text_align:left|color:%23000000&#8243; google_fonts=\u00bbfont_family:Fira%20Sans%3A300%2C300italic%2C400%2C400italic%2C500%2C500italic%2C700%2C700italic|font_style:500%20bold%20regular%3A500%3Anormal\u00bb][vc_row_inner][vc_column_inner][vc_column_text]Para asistencia legal y protecci\u00f3n integral para las v\u00edctimas de violencia dom\u00e9stica, a continuaci\u00f3n detallamos el proceso legal para interponer una denuncia, el directorio de organismos e instituciones que brindan acompa\u00f1amiento de forma gratuita en todo el proceso y el marco legal&#8230; <a class=\"read-more\" href=\"https:\/\/ahm-honduras.com\/?page_id=7551\"> READ MORE<\/a><\/p>\n","protected":false},"author":3,"featured_media":0,"parent":0,"menu_order":0,"comment_status":"closed","ping_status":"closed","template":"","meta":{"inline_featured_image":false,"footnotes":""},"class_list":["post-7551","page","type-page","status-publish","hentry"],"aioseo_notices":[],"_hostinger_reach_plugin_has_subscription_block":false,"_hostinger_reach_plugin_is_elementor":false,"_links":{"self":[{"href":"https:\/\/ahm-honduras.com\/index.php?rest_route=\/wp\/v2\/pages\/7551","targetHints":{"allow":["GET"]}}],"collection":[{"href":"https:\/\/ahm-honduras.com\/index.php?rest_route=\/wp\/v2\/pages"}],"about":[{"href":"https:\/\/ahm-honduras.com\/index.php?rest_route=\/wp\/v2\/types\/page"}],"author":[{"embeddable":true,"href":"https:\/\/ahm-honduras.com\/index.php?rest_route=\/wp\/v2\/users\/3"}],"replies":[{"embeddable":true,"href":"https:\/\/ahm-honduras.com\/index.php?rest_route=%2Fwp%2Fv2%2Fcomments&post=7551"}],"version-history":[{"count":0,"href":"https:\/\/ahm-honduras.com\/index.php?rest_route=\/wp\/v2\/pages\/7551\/revisions"}],"wp:attachment":[{"href":"https:\/\/ahm-honduras.com\/index.php?rest_route=%2Fwp%2Fv2%2Fmedia&parent=7551"}],"curies":[{"name":"wp","href":"https:\/\/api.w.org\/{rel}","templated":true}]}}