{"id":626,"date":"2016-05-13T16:24:15","date_gmt":"2016-05-13T16:24:15","guid":{"rendered":"https:\/\/ahm-honduras.com\/new\/?page_id=626"},"modified":"2025-03-19T21:06:21","modified_gmt":"2025-03-19T21:06:21","slug":"vivienda-social","status":"publish","type":"page","link":"https:\/\/ahm-honduras.com\/?page_id=626","title":{"rendered":"Programa de Vivienda Social"},"content":{"rendered":"<div class=\"wpb-content-wrapper\"><p>[vc_row layout=\u00bbboxed\u00bb][vc_column]\t\t\t<div class=\"cortana-heading border-bottom left style1 \" >\n\t\t\t\t\t\t\t\t\t<h2 style=\"font-size:20px\">Social Housing Program<\/h2>\n\t\t\t\t\t\t\t<\/div>\n\t\t\t[\/vc_column][\/vc_row][vc_row layout=\u00bbboxed\u00bb video_bg=\u00bbyes\u00bb video_bg_url=\u00bbhttps:\/\/www.youtube.com\/watch?v=s_FyQwjqjNM&amp;feature=youtu.be\u00bb][vc_column][vc_empty_space height=\u00bb300px\u00bb][\/vc_column][\/vc_row][vc_row layout=\u00bbboxed\u00bb][vc_column width=\u00bb2\/3&#8243;][vc_empty_space][vc_column_text]<\/p>\n<h5>MANUFACTURING SECTOR WORKERS BONUS PROGRAM<\/h5>\n<p>This is a temporary program implemented by CONVIVIENDA, which has the sole purpose of providing support to workers in the industrial manufacturing sector in the country for new house acquisition within housing projects certified by CONVIVIENDA.<\/p>\n<p><strong>The Manufacturing Sector Bonus Program consists in granting a bonus with a maximum value of L 125,000 as described in the following table:<\/strong><\/p>\n<table border=\"0\" width=\"100%\" cellspacing=\"0\" cellpadding=\"5\">\n<tbody>\n<tr>\n<td style=\"text-align: center;\" align=\"center\" width=\"50%\"><strong>Family Income <\/strong><\/td>\n<td style=\"text-align: center;\" align=\"center\" valign=\"middle\" width=\"25%\"><b>Bonus<\/b><\/td>\n<td style=\"text-align: center;\" align=\"left\" valign=\"middle\" width=\"25%\"><strong>House Value<\/strong><\/td>\n<\/tr>\n<tr>\n<td style=\"text-align: center;\">\u00bd Minimun wage to 2 minimun wages<\/td>\n<td align=\"center\" valign=\"middle\">L. 125,000.00<\/td>\n<td style=\"text-align: center;\" align=\"left\" valign=\"middle\">Up to L. 910,000.00<\/td>\n<\/tr>\n<tr>\n<td style=\"text-align: center;\">\u00a02 minimun wages to 3 minimun wages<\/td>\n<td align=\"center\" valign=\"middle\">L. 115,000.00<\/td>\n<td style=\"text-align: center;\" align=\"left\" valign=\"middle\">Up to L. 910,000.00<\/td>\n<\/tr>\n<tr>\n<td style=\"text-align: center;\">\u00a03 minimun wages to 4 minimun wages<\/td>\n<td style=\"text-align: center;\" align=\"center\" valign=\"middle\">L. 110,000.00<\/td>\n<td style=\"text-align: center;\" align=\"left\" valign=\"middle\">Up to L. 910,000.00<\/td>\n<\/tr>\n<\/tbody>\n<\/table>\n<h5><\/h5>\n<p>[\/vc_column_text][\/vc_column][vc_column width=\u00bb1\/3&#8243;][vc_empty_space][vc_single_image image=\u00bb3081&#8243; img_size=\u00bb175&#215;175&#8243; add_caption=\u00bbyes\u00bb alignment=\u00bbcenter\u00bb style=\u00bbvc_box_circle\u00bb][vc_empty_space height=\u00bb10&#8243;][vc_column_text]<\/p>\n<h6 style=\"text-align: center;\">Carlos Figueroa<br \/>\n<a href=\"mailto:coordinadorps@ahm-honduras.com\">coordinadorps@ahm-honduras.com<\/a><br \/>\n(504) 2516 9100 Ext. 162<\/h6>\n<p>[\/vc_column_text][\/vc_column][\/vc_row][vc_row][vc_column][vc_empty_space][vc_separator color=\u00bborange\u00bb border_width=\u00bb2&#8243;][vc_empty_space][vc_column_text]<\/p>\n<h5>PASOS A SEGUIR PARA APLICAR AL CR\u00c9DITO Y AL BONO<\/h5>\n<p>[\/vc_column_text][vc_empty_space][\/vc_column][\/vc_row][vc_row layout=\u00bbboxed\u00bb][vc_column width=\u00bb1\/3&#8243;][vc_column_text]<strong>PASO 1<\/strong><\/p>\n<p><strong>Cumplir con los siguientes requisitos:<\/strong><\/p>\n<ul>\n<li>Ser empleado con antig\u00fcedad m\u00ednima de 6 meses.<\/li>\n<li>Ingresos familiares mayor a L.9,000.00<\/li>\n<li>No aparecer en la Central de Riesgo.<\/li>\n<li>No poseer vivienda.<\/li>\n<li>No haber recibido bonos anteriormente.<\/li>\n<li>Seleccionar la vivienda en Proyectos Certificados.<\/li>\n<\/ul>\n<h5><\/h5>\n<p>[\/vc_column_text][\/vc_column][vc_column width=\u00bb1\/3&#8243;][vc_column_text]<strong>PASO 2<\/strong><\/p>\n<p><strong>Presentar la documentaci\u00f3n requerida:<\/strong><\/p>\n<ul>\n<li>Llenar Solicitud de Cr\u00e9dito de la Instituci\u00f3n financiera, Formulario de Seguro y\u00a0Formulario de Postulaci\u00f3n al Bono de Convivienda.<\/li>\n<li>Copia de C\u00e9dula y de RTN (Aspirante y C\u00f3nyuge).<\/li>\n<li>Constancia de Trabajo con deducciones y producci\u00f3n de los \u00faltimos 6 meses.<\/li>\n<li>Copia del recibo de alquiler de los \u00faltimos 3 meses.<\/li>\n<li>Copia recibo p\u00fablico.<\/li>\n<li>Constancia de no poseer bienes.<\/li>\n<li>Apertura de Cuenta de Ahorro y dep\u00f3sito del 3% de prima<\/li>\n<\/ul>\n<h5><\/h5>\n<p>[\/vc_column_text][\/vc_column][vc_column width=\u00bb1\/3&#8243;][vc_column_text]<strong>PASO 3<\/strong><\/p>\n<ul>\n<li>Contrato de promesa de Venta.<\/li>\n<li>Croquis domicilio.<\/li>\n<li>Constancia valor Catastral (cliente paga valor de L150.00).<\/li>\n<li>Gastos de Cierre (Cubiertos por la Asociaci\u00f3n Hondure\u00f1a de Maquiladores).<\/li>\n<li>Completar Expediente<\/li>\n<\/ul>\n<h5><\/h5>\n<p>[\/vc_column_text][\/vc_column][\/vc_row][vc_row][vc_column][vc_empty_space][vc_column_text]Una vez teniendo toda la documentaci\u00f3n requerida se completa el expediente el cual es\u00a0presentado a la Instituci\u00f3n financiera para proceso de aprobaci\u00f3n de cr\u00e9dito.[\/vc_column_text][vc_empty_space][vc_separator color=\u00bborange\u00bb border_width=\u00bb2&#8243;][vc_empty_space][\/vc_column][\/vc_row][vc_row][vc_column][vc_column_text]<\/p>\n<h5>CONOZCA ALGUNOS DE LOS PROYECTOS DISPONIBLES<\/h5>\n<p>[\/vc_column_text][vc_empty_space][vc_tta_tour style=\u00bbmodern\u00bb color=\u00bbblack\u00bb active_section=\u00bb1&#8243;][vc_tta_section title=\u00bbResidencial Altamizales\u00bb tab_id=\u00bb1502208539517-3af86cfb-35bc\u00bb]\t\t\t<div class=\"cortana-gallery col-3 style1 \">\n\t\t\t\t\n\t\t\t\t\t\t<div class=\"cortana-gallary-thumb\">\n\t\t\t\t\t\t\t<div class=\"gallery-inner-thumb\">\n\t\t\t\t\t\t\t\t<img decoding=\"async\" alt=\"\" src=\"https:\/\/ahm-honduras.com\/wp-content\/uploads\/2016\/05\/DJI_0399.jpg\">\n\n\t\t\t\t\t\t\t\t<div class=\"gallery-hover\">\n\t\t\t\t\t\t\t\t\t<a data-rel=\"prettyPhoto[feature]\" href=\"https:\/\/ahm-honduras.com\/wp-content\/uploads\/2016\/05\/DJI_0399.jpg\">\n\t\t\t\t\t\t\t\t\t\t<i class=\"fa fa-search\"><\/i>\n\t\t\t\t\t\t\t\t\t<\/a>\n\t\t\t\t\t\t\t\t<\/div>\n\t\t\t\t\t\t\t<\/div>\n\t\t\t\t\t\t<\/div>\n\t\t\t\t\t\t\n\t\t\t\t\t\t<div class=\"cortana-gallary-thumb\">\n\t\t\t\t\t\t\t<div class=\"gallery-inner-thumb\">\n\t\t\t\t\t\t\t\t<img decoding=\"async\" alt=\"\" src=\"https:\/\/ahm-honduras.com\/wp-content\/uploads\/2016\/05\/IMG_0103.jpg\">\n\n\t\t\t\t\t\t\t\t<div class=\"gallery-hover\">\n\t\t\t\t\t\t\t\t\t<a data-rel=\"prettyPhoto[feature]\" href=\"https:\/\/ahm-honduras.com\/wp-content\/uploads\/2016\/05\/IMG_0103.jpg\">\n\t\t\t\t\t\t\t\t\t\t<i class=\"fa fa-search\"><\/i>\n\t\t\t\t\t\t\t\t\t<\/a>\n\t\t\t\t\t\t\t\t<\/div>\n\t\t\t\t\t\t\t<\/div>\n\t\t\t\t\t\t<\/div>\n\t\t\t\t\t\t\n\t\t\t\t\t\t<div class=\"cortana-gallary-thumb\">\n\t\t\t\t\t\t\t<div class=\"gallery-inner-thumb\">\n\t\t\t\t\t\t\t\t<img decoding=\"async\" alt=\"\" src=\"https:\/\/ahm-honduras.com\/wp-content\/uploads\/2016\/05\/IMG_0112.jpg\">\n\n\t\t\t\t\t\t\t\t<div class=\"gallery-hover\">\n\t\t\t\t\t\t\t\t\t<a data-rel=\"prettyPhoto[feature]\" href=\"https:\/\/ahm-honduras.com\/wp-content\/uploads\/2016\/05\/IMG_0112.jpg\">\n\t\t\t\t\t\t\t\t\t\t<i class=\"fa fa-search\"><\/i>\n\t\t\t\t\t\t\t\t\t<\/a>\n\t\t\t\t\t\t\t\t<\/div>\n\t\t\t\t\t\t\t<\/div>\n\t\t\t\t\t\t<\/div>\n\t\t\t\t\t\t\n\t\t\t\t\t\t<div class=\"cortana-gallary-thumb\">\n\t\t\t\t\t\t\t<div class=\"gallery-inner-thumb\">\n\t\t\t\t\t\t\t\t<img decoding=\"async\" alt=\"\" src=\"https:\/\/ahm-honduras.com\/wp-content\/uploads\/2016\/05\/IMG_0130.jpg\">\n\n\t\t\t\t\t\t\t\t<div class=\"gallery-hover\">\n\t\t\t\t\t\t\t\t\t<a data-rel=\"prettyPhoto[feature]\" href=\"https:\/\/ahm-honduras.com\/wp-content\/uploads\/2016\/05\/IMG_0130.jpg\">\n\t\t\t\t\t\t\t\t\t\t<i class=\"fa fa-search\"><\/i>\n\t\t\t\t\t\t\t\t\t<\/a>\n\t\t\t\t\t\t\t\t<\/div>\n\t\t\t\t\t\t\t<\/div>\n\t\t\t\t\t\t<\/div>\n\t\t\t\t\t\t\n\t\t\t\t\t\t<div class=\"cortana-gallary-thumb\">\n\t\t\t\t\t\t\t<div class=\"gallery-inner-thumb\">\n\t\t\t\t\t\t\t\t<img decoding=\"async\" alt=\"\" src=\"https:\/\/ahm-honduras.com\/wp-content\/uploads\/2016\/05\/IMG_0140.jpg\">\n\n\t\t\t\t\t\t\t\t<div class=\"gallery-hover\">\n\t\t\t\t\t\t\t\t\t<a data-rel=\"prettyPhoto[feature]\" href=\"https:\/\/ahm-honduras.com\/wp-content\/uploads\/2016\/05\/IMG_0140.jpg\">\n\t\t\t\t\t\t\t\t\t\t<i class=\"fa fa-search\"><\/i>\n\t\t\t\t\t\t\t\t\t<\/a>\n\t\t\t\t\t\t\t\t<\/div>\n\t\t\t\t\t\t\t<\/div>\n\t\t\t\t\t\t<\/div>\n\t\t\t\t\t\t\n\t\t\t\t\t\t<div class=\"cortana-gallary-thumb\">\n\t\t\t\t\t\t\t<div class=\"gallery-inner-thumb\">\n\t\t\t\t\t\t\t\t<img decoding=\"async\" alt=\"\" src=\"https:\/\/ahm-honduras.com\/wp-content\/uploads\/2016\/05\/IMG_0151.jpg\">\n\n\t\t\t\t\t\t\t\t<div class=\"gallery-hover\">\n\t\t\t\t\t\t\t\t\t<a data-rel=\"prettyPhoto[feature]\" href=\"https:\/\/ahm-honduras.com\/wp-content\/uploads\/2016\/05\/IMG_0151.jpg\">\n\t\t\t\t\t\t\t\t\t\t<i class=\"fa fa-search\"><\/i>\n\t\t\t\t\t\t\t\t\t<\/a>\n\t\t\t\t\t\t\t\t<\/div>\n\t\t\t\t\t\t\t<\/div>\n\t\t\t\t\t\t<\/div>\n\t\t\t\t\t\t\n\t\t\t\t\t\t<div class=\"cortana-gallary-thumb\">\n\t\t\t\t\t\t\t<div class=\"gallery-inner-thumb\">\n\t\t\t\t\t\t\t\t<img decoding=\"async\" alt=\"\" src=\"https:\/\/ahm-honduras.com\/wp-content\/uploads\/2016\/05\/IMG_0153.jpg\">\n\n\t\t\t\t\t\t\t\t<div class=\"gallery-hover\">\n\t\t\t\t\t\t\t\t\t<a data-rel=\"prettyPhoto[feature]\" href=\"https:\/\/ahm-honduras.com\/wp-content\/uploads\/2016\/05\/IMG_0153.jpg\">\n\t\t\t\t\t\t\t\t\t\t<i class=\"fa fa-search\"><\/i>\n\t\t\t\t\t\t\t\t\t<\/a>\n\t\t\t\t\t\t\t\t<\/div>\n\t\t\t\t\t\t\t<\/div>\n\t\t\t\t\t\t<\/div>\n\t\t\t\t\t\t\n\t\t\t\t\t\t<div class=\"cortana-gallary-thumb\">\n\t\t\t\t\t\t\t<div class=\"gallery-inner-thumb\">\n\t\t\t\t\t\t\t\t<img decoding=\"async\" alt=\"\" src=\"https:\/\/ahm-honduras.com\/wp-content\/uploads\/2016\/05\/IMG_0164.jpg\">\n\n\t\t\t\t\t\t\t\t<div class=\"gallery-hover\">\n\t\t\t\t\t\t\t\t\t<a data-rel=\"prettyPhoto[feature]\" href=\"https:\/\/ahm-honduras.com\/wp-content\/uploads\/2016\/05\/IMG_0164.jpg\">\n\t\t\t\t\t\t\t\t\t\t<i class=\"fa fa-search\"><\/i>\n\t\t\t\t\t\t\t\t\t<\/a>\n\t\t\t\t\t\t\t\t<\/div>\n\t\t\t\t\t\t\t<\/div>\n\t\t\t\t\t\t<\/div>\n\t\t\t\t\t\t\n\t\t\t\t\t\t<div class=\"cortana-gallary-thumb\">\n\t\t\t\t\t\t\t<div class=\"gallery-inner-thumb\">\n\t\t\t\t\t\t\t\t<img decoding=\"async\" alt=\"\" src=\"https:\/\/ahm-honduras.com\/wp-content\/uploads\/2016\/05\/IMG_0187.jpg\">\n\n\t\t\t\t\t\t\t\t<div class=\"gallery-hover\">\n\t\t\t\t\t\t\t\t\t<a data-rel=\"prettyPhoto[feature]\" href=\"https:\/\/ahm-honduras.com\/wp-content\/uploads\/2016\/05\/IMG_0187.jpg\">\n\t\t\t\t\t\t\t\t\t\t<i class=\"fa fa-search\"><\/i>\n\t\t\t\t\t\t\t\t\t<\/a>\n\t\t\t\t\t\t\t\t<\/div>\n\t\t\t\t\t\t\t<\/div>\n\t\t\t\t\t\t<\/div>\n\t\t\t\t\t\t\t\t\t<\/div>\n\t\t\t[\/vc_tta_section][vc_tta_section title=\u00bbResidencial Bellos Horizontes\u00bb tab_id=\u00bb1502203752902-f31a6123-98c8&#8243;]\t\t\t<div class=\"cortana-gallery col-3 style1 \">\n\t\t\t\t\n\t\t\t\t\t\t<div class=\"cortana-gallary-thumb\">\n\t\t\t\t\t\t\t<div class=\"gallery-inner-thumb\">\n\t\t\t\t\t\t\t\t<img decoding=\"async\" alt=\"\" src=\"https:\/\/ahm-honduras.com\/wp-content\/uploads\/2016\/05\/DJI_0612.jpg\">\n\n\t\t\t\t\t\t\t\t<div class=\"gallery-hover\">\n\t\t\t\t\t\t\t\t\t<a data-rel=\"prettyPhoto[feature]\" href=\"https:\/\/ahm-honduras.com\/wp-content\/uploads\/2016\/05\/DJI_0612.jpg\">\n\t\t\t\t\t\t\t\t\t\t<i class=\"fa fa-search\"><\/i>\n\t\t\t\t\t\t\t\t\t<\/a>\n\t\t\t\t\t\t\t\t<\/div>\n\t\t\t\t\t\t\t<\/div>\n\t\t\t\t\t\t<\/div>\n\t\t\t\t\t\t\n\t\t\t\t\t\t<div class=\"cortana-gallary-thumb\">\n\t\t\t\t\t\t\t<div class=\"gallery-inner-thumb\">\n\t\t\t\t\t\t\t\t<img decoding=\"async\" alt=\"\" src=\"https:\/\/ahm-honduras.com\/wp-content\/uploads\/2016\/05\/GOPR4874.jpg\">\n\n\t\t\t\t\t\t\t\t<div class=\"gallery-hover\">\n\t\t\t\t\t\t\t\t\t<a data-rel=\"prettyPhoto[feature]\" href=\"https:\/\/ahm-honduras.com\/wp-content\/uploads\/2016\/05\/GOPR4874.jpg\">\n\t\t\t\t\t\t\t\t\t\t<i class=\"fa fa-search\"><\/i>\n\t\t\t\t\t\t\t\t\t<\/a>\n\t\t\t\t\t\t\t\t<\/div>\n\t\t\t\t\t\t\t<\/div>\n\t\t\t\t\t\t<\/div>\n\t\t\t\t\t\t\n\t\t\t\t\t\t<div class=\"cortana-gallary-thumb\">\n\t\t\t\t\t\t\t<div class=\"gallery-inner-thumb\">\n\t\t\t\t\t\t\t\t<img decoding=\"async\" alt=\"\" src=\"https:\/\/ahm-honduras.com\/wp-content\/uploads\/2016\/05\/GOPR4892.jpg\">\n\n\t\t\t\t\t\t\t\t<div class=\"gallery-hover\">\n\t\t\t\t\t\t\t\t\t<a data-rel=\"prettyPhoto[feature]\" href=\"https:\/\/ahm-honduras.com\/wp-content\/uploads\/2016\/05\/GOPR4892.jpg\">\n\t\t\t\t\t\t\t\t\t\t<i class=\"fa fa-search\"><\/i>\n\t\t\t\t\t\t\t\t\t<\/a>\n\t\t\t\t\t\t\t\t<\/div>\n\t\t\t\t\t\t\t<\/div>\n\t\t\t\t\t\t<\/div>\n\t\t\t\t\t\t\n\t\t\t\t\t\t<div class=\"cortana-gallary-thumb\">\n\t\t\t\t\t\t\t<div class=\"gallery-inner-thumb\">\n\t\t\t\t\t\t\t\t<img decoding=\"async\" alt=\"\" src=\"https:\/\/ahm-honduras.com\/wp-content\/uploads\/2016\/05\/IMG_7258.jpg\">\n\n\t\t\t\t\t\t\t\t<div class=\"gallery-hover\">\n\t\t\t\t\t\t\t\t\t<a data-rel=\"prettyPhoto[feature]\" href=\"https:\/\/ahm-honduras.com\/wp-content\/uploads\/2016\/05\/IMG_7258.jpg\">\n\t\t\t\t\t\t\t\t\t\t<i class=\"fa fa-search\"><\/i>\n\t\t\t\t\t\t\t\t\t<\/a>\n\t\t\t\t\t\t\t\t<\/div>\n\t\t\t\t\t\t\t<\/div>\n\t\t\t\t\t\t<\/div>\n\t\t\t\t\t\t\n\t\t\t\t\t\t<div class=\"cortana-gallary-thumb\">\n\t\t\t\t\t\t\t<div class=\"gallery-inner-thumb\">\n\t\t\t\t\t\t\t\t<img decoding=\"async\" alt=\"\" src=\"https:\/\/ahm-honduras.com\/wp-content\/uploads\/2016\/05\/IMG_7263.jpg\">\n\n\t\t\t\t\t\t\t\t<div class=\"gallery-hover\">\n\t\t\t\t\t\t\t\t\t<a data-rel=\"prettyPhoto[feature]\" href=\"https:\/\/ahm-honduras.com\/wp-content\/uploads\/2016\/05\/IMG_7263.jpg\">\n\t\t\t\t\t\t\t\t\t\t<i class=\"fa fa-search\"><\/i>\n\t\t\t\t\t\t\t\t\t<\/a>\n\t\t\t\t\t\t\t\t<\/div>\n\t\t\t\t\t\t\t<\/div>\n\t\t\t\t\t\t<\/div>\n\t\t\t\t\t\t\n\t\t\t\t\t\t<div class=\"cortana-gallary-thumb\">\n\t\t\t\t\t\t\t<div class=\"gallery-inner-thumb\">\n\t\t\t\t\t\t\t\t<img decoding=\"async\" alt=\"\" src=\"https:\/\/ahm-honduras.com\/wp-content\/uploads\/2016\/05\/IMG_7281.jpg\">\n\n\t\t\t\t\t\t\t\t<div class=\"gallery-hover\">\n\t\t\t\t\t\t\t\t\t<a data-rel=\"prettyPhoto[feature]\" href=\"https:\/\/ahm-honduras.com\/wp-content\/uploads\/2016\/05\/IMG_7281.jpg\">\n\t\t\t\t\t\t\t\t\t\t<i class=\"fa fa-search\"><\/i>\n\t\t\t\t\t\t\t\t\t<\/a>\n\t\t\t\t\t\t\t\t<\/div>\n\t\t\t\t\t\t\t<\/div>\n\t\t\t\t\t\t<\/div>\n\t\t\t\t\t\t\t\t\t<\/div>\n\t\t\t[\/vc_tta_section][vc_tta_section title=\u00bbVillas Alcal\u00e1\u00bb tab_id=\u00bb1502203452437-3b15045a-1fc1&#8243;]\t\t\t<div class=\"cortana-gallery col-3 style1 \">\n\t\t\t\t\n\t\t\t\t\t\t<div class=\"cortana-gallary-thumb\">\n\t\t\t\t\t\t\t<div class=\"gallery-inner-thumb\">\n\t\t\t\t\t\t\t\t<img decoding=\"async\" alt=\"\" src=\"https:\/\/ahm-honduras.com\/wp-content\/uploads\/2016\/05\/DJI_0081.jpg\">\n\n\t\t\t\t\t\t\t\t<div class=\"gallery-hover\">\n\t\t\t\t\t\t\t\t\t<a data-rel=\"prettyPhoto[feature]\" href=\"https:\/\/ahm-honduras.com\/wp-content\/uploads\/2016\/05\/DJI_0081.jpg\">\n\t\t\t\t\t\t\t\t\t\t<i class=\"fa fa-search\"><\/i>\n\t\t\t\t\t\t\t\t\t<\/a>\n\t\t\t\t\t\t\t\t<\/div>\n\t\t\t\t\t\t\t<\/div>\n\t\t\t\t\t\t<\/div>\n\t\t\t\t\t\t\n\t\t\t\t\t\t<div class=\"cortana-gallary-thumb\">\n\t\t\t\t\t\t\t<div class=\"gallery-inner-thumb\">\n\t\t\t\t\t\t\t\t<img decoding=\"async\" alt=\"\" src=\"https:\/\/ahm-honduras.com\/wp-content\/uploads\/2016\/05\/IMG_9667.jpg\">\n\n\t\t\t\t\t\t\t\t<div class=\"gallery-hover\">\n\t\t\t\t\t\t\t\t\t<a data-rel=\"prettyPhoto[feature]\" href=\"https:\/\/ahm-honduras.com\/wp-content\/uploads\/2016\/05\/IMG_9667.jpg\">\n\t\t\t\t\t\t\t\t\t\t<i class=\"fa fa-search\"><\/i>\n\t\t\t\t\t\t\t\t\t<\/a>\n\t\t\t\t\t\t\t\t<\/div>\n\t\t\t\t\t\t\t<\/div>\n\t\t\t\t\t\t<\/div>\n\t\t\t\t\t\t\n\t\t\t\t\t\t<div class=\"cortana-gallary-thumb\">\n\t\t\t\t\t\t\t<div class=\"gallery-inner-thumb\">\n\t\t\t\t\t\t\t\t<img decoding=\"async\" alt=\"\" src=\"https:\/\/ahm-honduras.com\/wp-content\/uploads\/2016\/05\/IMG_8488.jpg\">\n\n\t\t\t\t\t\t\t\t<div class=\"gallery-hover\">\n\t\t\t\t\t\t\t\t\t<a data-rel=\"prettyPhoto[feature]\" href=\"https:\/\/ahm-honduras.com\/wp-content\/uploads\/2016\/05\/IMG_8488.jpg\">\n\t\t\t\t\t\t\t\t\t\t<i class=\"fa fa-search\"><\/i>\n\t\t\t\t\t\t\t\t\t<\/a>\n\t\t\t\t\t\t\t\t<\/div>\n\t\t\t\t\t\t\t<\/div>\n\t\t\t\t\t\t<\/div>\n\t\t\t\t\t\t\n\t\t\t\t\t\t<div class=\"cortana-gallary-thumb\">\n\t\t\t\t\t\t\t<div class=\"gallery-inner-thumb\">\n\t\t\t\t\t\t\t\t<img decoding=\"async\" alt=\"\" src=\"https:\/\/ahm-honduras.com\/wp-content\/uploads\/2016\/05\/IMG_8604.jpg\">\n\n\t\t\t\t\t\t\t\t<div class=\"gallery-hover\">\n\t\t\t\t\t\t\t\t\t<a data-rel=\"prettyPhoto[feature]\" href=\"https:\/\/ahm-honduras.com\/wp-content\/uploads\/2016\/05\/IMG_8604.jpg\">\n\t\t\t\t\t\t\t\t\t\t<i class=\"fa fa-search\"><\/i>\n\t\t\t\t\t\t\t\t\t<\/a>\n\t\t\t\t\t\t\t\t<\/div>\n\t\t\t\t\t\t\t<\/div>\n\t\t\t\t\t\t<\/div>\n\t\t\t\t\t\t\n\t\t\t\t\t\t<div class=\"cortana-gallary-thumb\">\n\t\t\t\t\t\t\t<div class=\"gallery-inner-thumb\">\n\t\t\t\t\t\t\t\t<img decoding=\"async\" alt=\"\" src=\"https:\/\/ahm-honduras.com\/wp-content\/uploads\/2016\/05\/IMG_8508.jpg\">\n\n\t\t\t\t\t\t\t\t<div class=\"gallery-hover\">\n\t\t\t\t\t\t\t\t\t<a data-rel=\"prettyPhoto[feature]\" href=\"https:\/\/ahm-honduras.com\/wp-content\/uploads\/2016\/05\/IMG_8508.jpg\">\n\t\t\t\t\t\t\t\t\t\t<i class=\"fa fa-search\"><\/i>\n\t\t\t\t\t\t\t\t\t<\/a>\n\t\t\t\t\t\t\t\t<\/div>\n\t\t\t\t\t\t\t<\/div>\n\t\t\t\t\t\t<\/div>\n\t\t\t\t\t\t\n\t\t\t\t\t\t<div class=\"cortana-gallary-thumb\">\n\t\t\t\t\t\t\t<div class=\"gallery-inner-thumb\">\n\t\t\t\t\t\t\t\t<img decoding=\"async\" alt=\"\" src=\"https:\/\/ahm-honduras.com\/wp-content\/uploads\/2016\/05\/IMG_8622.jpg\">\n\n\t\t\t\t\t\t\t\t<div class=\"gallery-hover\">\n\t\t\t\t\t\t\t\t\t<a data-rel=\"prettyPhoto[feature]\" href=\"https:\/\/ahm-honduras.com\/wp-content\/uploads\/2016\/05\/IMG_8622.jpg\">\n\t\t\t\t\t\t\t\t\t\t<i class=\"fa fa-search\"><\/i>\n\t\t\t\t\t\t\t\t\t<\/a>\n\t\t\t\t\t\t\t\t<\/div>\n\t\t\t\t\t\t\t<\/div>\n\t\t\t\t\t\t<\/div>\n\t\t\t\t\t\t\t\t\t<\/div>\n\t\t\t[\/vc_tta_section][vc_tta_section title=\u00bbVilla San Juan\u00bb tab_id=\u00bb1502203452379-98c7b25f-732e\u00bb]\t\t\t<div class=\"cortana-gallery col-3 style1 \">\n\t\t\t\t\n\t\t\t\t\t\t<div class=\"cortana-gallary-thumb\">\n\t\t\t\t\t\t\t<div class=\"gallery-inner-thumb\">\n\t\t\t\t\t\t\t\t<img decoding=\"async\" alt=\"\" src=\"https:\/\/ahm-honduras.com\/wp-content\/uploads\/2016\/05\/DJI_0532.jpg\">\n\n\t\t\t\t\t\t\t\t<div class=\"gallery-hover\">\n\t\t\t\t\t\t\t\t\t<a data-rel=\"prettyPhoto[feature]\" href=\"https:\/\/ahm-honduras.com\/wp-content\/uploads\/2016\/05\/DJI_0532.jpg\">\n\t\t\t\t\t\t\t\t\t\t<i class=\"fa fa-search\"><\/i>\n\t\t\t\t\t\t\t\t\t<\/a>\n\t\t\t\t\t\t\t\t<\/div>\n\t\t\t\t\t\t\t<\/div>\n\t\t\t\t\t\t<\/div>\n\t\t\t\t\t\t\n\t\t\t\t\t\t<div class=\"cortana-gallary-thumb\">\n\t\t\t\t\t\t\t<div class=\"gallery-inner-thumb\">\n\t\t\t\t\t\t\t\t<img decoding=\"async\" alt=\"\" src=\"https:\/\/ahm-honduras.com\/wp-content\/uploads\/2016\/05\/DJI_0580.jpg\">\n\n\t\t\t\t\t\t\t\t<div class=\"gallery-hover\">\n\t\t\t\t\t\t\t\t\t<a data-rel=\"prettyPhoto[feature]\" href=\"https:\/\/ahm-honduras.com\/wp-content\/uploads\/2016\/05\/DJI_0580.jpg\">\n\t\t\t\t\t\t\t\t\t\t<i class=\"fa fa-search\"><\/i>\n\t\t\t\t\t\t\t\t\t<\/a>\n\t\t\t\t\t\t\t\t<\/div>\n\t\t\t\t\t\t\t<\/div>\n\t\t\t\t\t\t<\/div>\n\t\t\t\t\t\t\n\t\t\t\t\t\t<div class=\"cortana-gallary-thumb\">\n\t\t\t\t\t\t\t<div class=\"gallery-inner-thumb\">\n\t\t\t\t\t\t\t\t<img decoding=\"async\" alt=\"\" src=\"https:\/\/ahm-honduras.com\/wp-content\/uploads\/2016\/05\/GOPR4834.jpg\">\n\n\t\t\t\t\t\t\t\t<div class=\"gallery-hover\">\n\t\t\t\t\t\t\t\t\t<a data-rel=\"prettyPhoto[feature]\" href=\"https:\/\/ahm-honduras.com\/wp-content\/uploads\/2016\/05\/GOPR4834.jpg\">\n\t\t\t\t\t\t\t\t\t\t<i class=\"fa fa-search\"><\/i>\n\t\t\t\t\t\t\t\t\t<\/a>\n\t\t\t\t\t\t\t\t<\/div>\n\t\t\t\t\t\t\t<\/div>\n\t\t\t\t\t\t<\/div>\n\t\t\t\t\t\t\n\t\t\t\t\t\t<div class=\"cortana-gallary-thumb\">\n\t\t\t\t\t\t\t<div class=\"gallery-inner-thumb\">\n\t\t\t\t\t\t\t\t<img decoding=\"async\" alt=\"\" src=\"https:\/\/ahm-honduras.com\/wp-content\/uploads\/2016\/05\/GOPR4854.jpg\">\n\n\t\t\t\t\t\t\t\t<div class=\"gallery-hover\">\n\t\t\t\t\t\t\t\t\t<a data-rel=\"prettyPhoto[feature]\" href=\"https:\/\/ahm-honduras.com\/wp-content\/uploads\/2016\/05\/GOPR4854.jpg\">\n\t\t\t\t\t\t\t\t\t\t<i class=\"fa fa-search\"><\/i>\n\t\t\t\t\t\t\t\t\t<\/a>\n\t\t\t\t\t\t\t\t<\/div>\n\t\t\t\t\t\t\t<\/div>\n\t\t\t\t\t\t<\/div>\n\t\t\t\t\t\t\n\t\t\t\t\t\t<div class=\"cortana-gallary-thumb\">\n\t\t\t\t\t\t\t<div class=\"gallery-inner-thumb\">\n\t\t\t\t\t\t\t\t<img decoding=\"async\" alt=\"\" src=\"https:\/\/ahm-honduras.com\/wp-content\/uploads\/2016\/05\/GOPR4859.jpg\">\n\n\t\t\t\t\t\t\t\t<div class=\"gallery-hover\">\n\t\t\t\t\t\t\t\t\t<a data-rel=\"prettyPhoto[feature]\" href=\"https:\/\/ahm-honduras.com\/wp-content\/uploads\/2016\/05\/GOPR4859.jpg\">\n\t\t\t\t\t\t\t\t\t\t<i class=\"fa fa-search\"><\/i>\n\t\t\t\t\t\t\t\t\t<\/a>\n\t\t\t\t\t\t\t\t<\/div>\n\t\t\t\t\t\t\t<\/div>\n\t\t\t\t\t\t<\/div>\n\t\t\t\t\t\t\n\t\t\t\t\t\t<div class=\"cortana-gallary-thumb\">\n\t\t\t\t\t\t\t<div class=\"gallery-inner-thumb\">\n\t\t\t\t\t\t\t\t<img decoding=\"async\" alt=\"\" src=\"https:\/\/ahm-honduras.com\/wp-content\/uploads\/2016\/05\/IMG_0253.jpg\">\n\n\t\t\t\t\t\t\t\t<div class=\"gallery-hover\">\n\t\t\t\t\t\t\t\t\t<a data-rel=\"prettyPhoto[feature]\" href=\"https:\/\/ahm-honduras.com\/wp-content\/uploads\/2016\/05\/IMG_0253.jpg\">\n\t\t\t\t\t\t\t\t\t\t<i class=\"fa fa-search\"><\/i>\n\t\t\t\t\t\t\t\t\t<\/a>\n\t\t\t\t\t\t\t\t<\/div>\n\t\t\t\t\t\t\t<\/div>\n\t\t\t\t\t\t<\/div>\n\t\t\t\t\t\t\n\t\t\t\t\t\t<div class=\"cortana-gallary-thumb\">\n\t\t\t\t\t\t\t<div class=\"gallery-inner-thumb\">\n\t\t\t\t\t\t\t\t<img decoding=\"async\" alt=\"\" src=\"https:\/\/ahm-honduras.com\/wp-content\/uploads\/2016\/05\/IMG_0280.jpg\">\n\n\t\t\t\t\t\t\t\t<div class=\"gallery-hover\">\n\t\t\t\t\t\t\t\t\t<a data-rel=\"prettyPhoto[feature]\" href=\"https:\/\/ahm-honduras.com\/wp-content\/uploads\/2016\/05\/IMG_0280.jpg\">\n\t\t\t\t\t\t\t\t\t\t<i class=\"fa fa-search\"><\/i>\n\t\t\t\t\t\t\t\t\t<\/a>\n\t\t\t\t\t\t\t\t<\/div>\n\t\t\t\t\t\t\t<\/div>\n\t\t\t\t\t\t<\/div>\n\t\t\t\t\t\t\n\t\t\t\t\t\t<div class=\"cortana-gallary-thumb\">\n\t\t\t\t\t\t\t<div class=\"gallery-inner-thumb\">\n\t\t\t\t\t\t\t\t<img decoding=\"async\" alt=\"\" src=\"https:\/\/ahm-honduras.com\/wp-content\/uploads\/2016\/05\/IMG_7217.jpg\">\n\n\t\t\t\t\t\t\t\t<div class=\"gallery-hover\">\n\t\t\t\t\t\t\t\t\t<a data-rel=\"prettyPhoto[feature]\" href=\"https:\/\/ahm-honduras.com\/wp-content\/uploads\/2016\/05\/IMG_7217.jpg\">\n\t\t\t\t\t\t\t\t\t\t<i class=\"fa fa-search\"><\/i>\n\t\t\t\t\t\t\t\t\t<\/a>\n\t\t\t\t\t\t\t\t<\/div>\n\t\t\t\t\t\t\t<\/div>\n\t\t\t\t\t\t<\/div>\n\t\t\t\t\t\t\n\t\t\t\t\t\t<div class=\"cortana-gallary-thumb\">\n\t\t\t\t\t\t\t<div class=\"gallery-inner-thumb\">\n\t\t\t\t\t\t\t\t<img decoding=\"async\" alt=\"\" src=\"https:\/\/ahm-honduras.com\/wp-content\/uploads\/2016\/05\/IMG_7228.jpg\">\n\n\t\t\t\t\t\t\t\t<div class=\"gallery-hover\">\n\t\t\t\t\t\t\t\t\t<a data-rel=\"prettyPhoto[feature]\" href=\"https:\/\/ahm-honduras.com\/wp-content\/uploads\/2016\/05\/IMG_7228.jpg\">\n\t\t\t\t\t\t\t\t\t\t<i class=\"fa fa-search\"><\/i>\n\t\t\t\t\t\t\t\t\t<\/a>\n\t\t\t\t\t\t\t\t<\/div>\n\t\t\t\t\t\t\t<\/div>\n\t\t\t\t\t\t<\/div>\n\t\t\t\t\t\t\t\t\t<\/div>\n\t\t\t[\/vc_tta_section][\/vc_tta_tour][vc_empty_space][\/vc_column][\/vc_row][vc_row][vc_column][vc_column_text]<\/p>\n<p style=\"text-align: center;\">Para mas informaci\u00f3n sobre estos proyectos y como aplicar al programa de Vivienda Social,<br \/>\ncomuniquese con nosotros.<\/p>\n<p>[\/vc_column_text]\t\t\t<div\n\t\t\t\tclass=\"cortana-icon-box clearfix style2 \"\n\t\t\t\t>\n\t\t\t\t<a class=\"ibox-icon\" title=\"\" style=\"background-color:#ffbf00;color:#ffffff;border-color:#ffbf00\"\t\t\t\t   target=\"_self\" href=\"mailto:%20coordinadorps@ahm-honduras.com\">\n\t\t\t\t\t\t\t\t\t\t\t<i class=\"fa fa-envelope-o\"><\/i>\n\t\t\t\t\t\t\t\t\t\t<\/a>\n\n\t\t\t\t<div class=\"icon-entry-content\">\n\t\t\t\t\t\t\t\t\t\t\t<h3 class=\"no-border\">\n\t\t\t\t\t\t\t<a title=\"\" target=\"_self\"\n\t\t\t\t\t\t\t   href=\"mailto:%20coordinadorps@ahm-honduras.com\">Carlos Figueroa<\/a><\/h3>\n\t\t\t\t\t\t\t\t\t<\/div>\n\t\t\t<\/div>\n\t\t\t[vc_empty_space][\/vc_column][\/vc_row]<\/p>\n<\/div>","protected":false},"excerpt":{"rendered":"<p>[vc_row layout=\u00bbboxed\u00bb][vc_column][\/vc_column][\/vc_row][vc_row layout=\u00bbboxed\u00bb video_bg=\u00bbyes\u00bb video_bg_url=\u00bbhttps:\/\/www.youtube.com\/watch?v=s_FyQwjqjNM&amp;feature=youtu.be\u00bb][vc_column][vc_empty_space height=\u00bb300px\u00bb][\/vc_column][\/vc_row][vc_row layout=\u00bbboxed\u00bb][vc_column width=\u00bb2\/3&#8243;][vc_empty_space][vc_column_text] MANUFACTURING SECTOR WORKERS BONUS PROGRAM This is a temporary program implemented by CONVIVIENDA, which has the sole purpose of providing support to workers in the industrial manufacturing sector in the country for new house acquisition within housing projects certified by CONVIVIENDA. The Manufacturing Sector Bonus Program consists&#8230; <a class=\"read-more\" href=\"https:\/\/ahm-honduras.com\/?page_id=626\"> READ MORE<\/a><\/p>\n","protected":false},"author":3,"featured_media":0,"parent":0,"menu_order":0,"comment_status":"closed","ping_status":"closed","template":"","meta":{"inline_featured_image":false,"footnotes":""},"class_list":["post-626","page","type-page","status-publish","hentry"],"aioseo_notices":[],"_hostinger_reach_plugin_has_subscription_block":false,"_hostinger_reach_plugin_is_elementor":false,"_links":{"self":[{"href":"https:\/\/ahm-honduras.com\/index.php?rest_route=\/wp\/v2\/pages\/626","targetHints":{"allow":["GET"]}}],"collection":[{"href":"https:\/\/ahm-honduras.com\/index.php?rest_route=\/wp\/v2\/pages"}],"about":[{"href":"https:\/\/ahm-honduras.com\/index.php?rest_route=\/wp\/v2\/types\/page"}],"author":[{"embeddable":true,"href":"https:\/\/ahm-honduras.com\/index.php?rest_route=\/wp\/v2\/users\/3"}],"replies":[{"embeddable":true,"href":"https:\/\/ahm-honduras.com\/index.php?rest_route=%2Fwp%2Fv2%2Fcomments&post=626"}],"version-history":[{"count":0,"href":"https:\/\/ahm-honduras.com\/index.php?rest_route=\/wp\/v2\/pages\/626\/revisions"}],"wp:attachment":[{"href":"https:\/\/ahm-honduras.com\/index.php?rest_route=%2Fwp%2Fv2%2Fmedia&parent=626"}],"curies":[{"name":"wp","href":"https:\/\/api.w.org\/{rel}","templated":true}]}}